housands digit of 1475?
1
What is the thousands digit of 3083?
3
What is the units digit of 965?
5
What is the thousands digit of 25530?
5
What is the units digit of 2809?
9
What is the hundreds digit of 3748?
7
What is the hundreds digit of 559?
5
What is the units digit of 5760?
0
What is the units digit of 4109?
9
What is the tens digit of 13938?
3
What is the units digit of 936?
6
What is the hundreds digit of 32052?
0
What is the tens digit of 4210?
1
What is the thousands digit of 13114?
3
What is the units digit of 141?
1
What is the hundreds digit of 126?
1
What is the thousands digit of 8837?
8
What is the units digit of 398?
8
What is the hundreds digit of 1136?
1
What is the units digit of 58122?
2
What is the hundreds digit of 2907?
9
What is the tens digit of 338?
3
What is the units digit of 27625?
5
What is the ten thousands digit of 12308?
1
What is the thousands digit of 2165?
2
What is the units digit of 936?
6
What is the thousands digit of 6370?
6
What is the thousands digit of 11130?
1
What is the thousands digit of 1187?
1
What is the hundreds digit of 904?
9
What is the units digit of 156?
6
What is the thousands digit of 5502?
5
What is the units digit of 1369?
9
What is the hundreds digit of 5040?
0
What is the hundreds digit of 3011?
0
What is the units digit of 37788?
8
What is the units digit of 34490?
0
What is the tens digit of 124683?
8
What is the thousands digit of 93404?
3
What is the thousands digit of 22255?
2
What is the tens digit of 32206?
0
What is the thousands digit of 32412?
2
What is the hundreds digit of 2493?
4
What is the units digit of 4501?
1
What is the tens digit of 1767?
6
What is the thousands digit of 1861?
1
What is the hundreds digit of 777?
7
What is the tens digit of 3119?
1
What is the tens digit of 9087?
8
What is the ten thousands digit of 18392?
1
What is the tens digit of 1898?
9
What is the units digit of 3564?
4
What is the thousands digit of 1272?
1
What is the thousands digit of 6110?
6
What is the units digit of 5685?
5
What is the hundreds digit of 332?
3
What is the tens digit of 921?
2
What is the tens digit of 29577?
7
What is the units digit of 432?
2
What is the tens digit of 12632?
3
What is the units digit of 36309?
9
What is the tens digit of 400?
0
What is the hundreds digit of 192?
1
What is the hundreds digit of 19785?
7
What is the tens digit of 1572?
7
What is the units digit of 40719?
9
What is the units digit of 58685?
5
What is the units digit of 959?
9
What is the hundreds digit of 527?
5
What is the tens digit of 6531?
3
What is the hundreds digit of 16841?
8
What is the hundreds digit of 507?
5
What is the units digit of 14497?
7
What is the hundreds digit of 3310?
3
What is the thousands digit of 127971?
7
What is the tens digit of 10557?
5
What is the hundreds digit of 549?
5
What is the tens digit of 129954?
5
What is the thousands digit of 94064?
4
What is the tens digit of 8937?
3
What is the hundreds digit of 70122?
1
What is the tens digit of 4137?
3
What is the units digit of 20981?
1
What is the tens digit of 32137?
3
What is the hundreds digit of 43637?
6
What is the ten thousands digit of 19615?
1
What is the thousands digit of 25948?
5
What is the ten thousands digit of 124569?
2
What is the units digit of 52?
2
What is the hundreds digit of 509?
5
What is the thousands digit of 5249?
5
What is the units digit of 65399?
9
What is the tens digit of 5791?
9
What is the tens digit of 2779?
7
What is the ten thousands digit of 53995?
5
What is the hundreds digit of 102?
1
What is the tens digit of 56170?
7
What is the hundreds digit of 14553?
5
What is the tens digit of 18617?
1
What is the units digit of 594?
4
What is the units digit of 171?
1
What is the units digit of 9459?
9
What is the hundreds digit of 2340?
3
What is the units digit of 18?
8
What is the hundreds digit of 2446?
4
What is the units digit of 2146?
6
What is the tens digit of 469?
6
What is the thousands digit of 12433?
2
What is the thousands digit of 11484?
1
What is the tens digit of 108?
0
What is the tens digit of 8069?
6
What is the tens digit of 2984?
8
What is the units digit of 12836?
6
What is the ten thousands digit of 39645?
3
What is the hundreds digit of 3694?
6
What is the tens digit of 73193?
9
What is the tens digit of 13?
1
What is the thousands digit of 26162?
6
What is the hundreds digit of 3642?
6
What is the units digit of 36339?
9
What is the hundreds digit of 93710?
7
What is the thousands digit of 30194?
0
What is the thousands digit of 28080?
8
What is the units digit of 15600?
0
What is the units digit of 37423?
3
What is the ten thousands digit of 15978?
1
What is the hundreds digit of 26853?
8
What is the thousands digit of 60072?
0
What is the tens digit of 545?
4
What is the thousands digit of 1293?
1
What is the hundreds digit of 731?
7
What is the tens digit of 88?
8
What is the hundreds digit of 14349?
3
What is the hundreds digit of 222?
2
What is the thousands digit of 5589?
5
What is the thousands digit of 1400?
1
What is the units digit of 1674?
4
What is the hundreds digit of 260?
2
What is the ten thousands digit of 66115?
6
What is the units digit of 412?
2
What is the hundreds digit of 3716?
7
What is the units digit of 380?
0
What is the ten thousands digit of 32152?
3
What is the hundreds digit of 538?
5
What is the hundreds digit of 5444?
4
What is the units digit of 118?
8
What is the units digit of 153588?
8
What is the hundreds digit of 22836?
8
What is the tens digit of 349?
4
What is the ten thousands digit of 80934?
8
What is the hundreds digit of 1482?
4
What is the thousands digit of 5395?
5
What is the ten thousands digit of 23808?
2
What is the hundreds digit of 2250?
2
What is the hundreds digit of 33137?
1
What is the hundreds digit of 1741?
7
What is the units digit of 9832?
2
What is the tens digit of 1587?
8
What is the thousands digit of 11652?
1
What is the tens digit of 2451?
5
What is the ten thousands digit of 33918?
3
What is the thousands digit of 48605?
8
What is the units digit of 293?
3
What is the units digit of 1503?
3
What is the tens digit of 2807?
0
What is the hundreds digit of 746?
7
What is the units digit of 2334?
4
What is the thousands digit of 2738?
2
What is the units digit of 54609?
9
What is the thousands digit of 27376?
7
What is the hundreds digit of 85119?
1
What is the thousands digit of 27500?
7
What is the hundreds digit of 1190?
1
What is the units digit of 1897?
7
What is the units digit of 3633?
3
What is the hundreds digit of 297?
2
What is the hundreds digit of 22426?
4
What is the tens digit of 2266?
6
What is the units digit of 4?
4
What is the tens digit of 861?
6
What is the ten thousands digit of 48094?
4
What is the hundreds digit of 46447?
4
What is the units digit of 13096?
6
What is the hundreds digit of 510?
5
What is the thousands digit of 10117?
0
What is the thousands digit of 4925?
4
What is the hundreds digit of 329?
3
What is the thousands digit of 32656?
2
What is the hundreds digit of 1244?
2
What is the units digit of 346?
6
What is the units digit of 43532?
2
What is the units digit of 4613?
3
What is the hundreds digit of 11362?
3
What is the hundreds digit of 1053?
0
What is the hundreds digit of 1442?
4
What is the ten thousands digit of 106458?
0
What is the hundreds digit of 2240?
2
What is the thousands digit of 18408?
8
What is the tens digit of 4875?
7
What is the hundreds digit of 12296?
2
What is the tens digit of 22385?
8
What is the hundreds digit of 1070?
0
What is the units digit of 699?
9
What is the units digit of 16207?
7
What is the hundreds digit of 313?
3
What is the tens digit of 25286?
8
What is the tens digit of 101671?
7
What is the tens digit of 4515?
1
What is the units digit of 16384?
4
What is the units digit of 52738?
8
What is the hundreds digit of 5954?
9
What is the units digit of 60774?
4
What is the hundreds digit of 1322?
3
What is the hundreds digit of 85755?
7
What is the hundreds digit of 995?
9
What is the units digit of 339?
9
What is the ten thousands digit of 22186?
2
What is the tens digit of 1136?
3
What is the thousands digit of 10152?
0
What is the tens digit of 99529?
2
What is the hundreds digit of 119946?
9
What